{"id":368,"date":"2014-07-15T17:23:32","date_gmt":"2014-07-15T15:23:32","guid":{"rendered":"https:\/\/fiskecup.com\/?page_id=368"},"modified":"2014-07-15T17:23:32","modified_gmt":"2014-07-15T15:23:32","slug":"gutta","status":"publish","type":"page","link":"https:\/\/fiskecup.com\/?page_id=368","title":{"rendered":"Gutta"},"content":{"rendered":"<p style=\"text-align: center;\">Vi er en jovial, og til tiders litt kverulerende, gjeng som ferdes litt (for lite) i skog og mark. P\u00e5 denne fiskebloggen legger vi ut et og annet innlegg om turer vi har v\u00e6rt p\u00e5. Vi h\u00e5per at noen historiene v\u00e5re kan glede en og annen fiske- eller turinteressert stakkar som sitter og leter seg igjennom verdensveven. Opptil flere vi kjenner p\u00e5st\u00e5r at de leser bloggen, men de t\u00f8rr kanskje ikke si noe annet&#8230;<\/p>\n<div id=\"attachment_548\" style=\"width: 3466px\" class=\"wp-caption aligncenter\"><a href=\"https:\/\/fiskecup.com\/wp-content\/uploads\/2014\/07\/th_P1000986.jpg\"><img loading=\"lazy\" decoding=\"async\" aria-describedby=\"caption-attachment-548\" class=\"size-full wp-image-548\" src=\"https:\/\/fiskecup.com\/wp-content\/uploads\/2014\/07\/th_P1000986.jpg\" alt=\"P\u00e5skekos i Hurummarka\" width=\"3456\" height=\"2592\" srcset=\"https:\/\/fiskecup.com\/wp-content\/uploads\/2014\/07\/th_P1000986.jpg 3456w, https:\/\/fiskecup.com\/wp-content\/uploads\/2014\/07\/th_P1000986-300x225.jpg 300w, https:\/\/fiskecup.com\/wp-content\/uploads\/2014\/07\/th_P1000986-1024x768.jpg 1024w\" sizes=\"auto, (max-width: 3456px) 100vw, 3456px\" \/><\/a><p id=\"caption-attachment-548\" class=\"wp-caption-text\">P\u00e5skekos i Hurummarka<\/p><\/div>\n<p><a href=\"https:\/\/fiskecup.com\/wp-content\/uploads\/2012\/03\/IMG_4025.jpg\">\u00a0<\/a><\/p>\n","protected":false},"excerpt":{"rendered":"<p>Vi er en jovial, og til tiders litt kverulerende, gjeng som ferdes litt (for lite) i skog og mark. P\u00e5 denne fiskebloggen legger vi ut et og annet innlegg om turer vi har v\u00e6rt p\u00e5. Vi h\u00e5per at noen historiene v\u00e5re kan glede en og annen fiske- eller turinteressert stakkar som sitter og leter seg [&hellip;]<\/p>\n","protected":false},"author":2,"featured_media":0,"parent":0,"menu_order":0,"comment_status":"open","ping_status":"open","template":"","meta":{"_monsterinsights_skip_tracking":false,"_monsterinsights_sitenote_active":false,"_monsterinsights_sitenote_note":"","_monsterinsights_sitenote_category":0,"footnotes":""},"class_list":["post-368","page","type-page","status-publish","hentry"],"_links":{"self":[{"href":"https:\/\/fiskecup.com\/index.php?rest_route=\/wp\/v2\/pages\/368","targetHints":{"allow":["GET"]}}],"collection":[{"href":"https:\/\/fiskecup.com\/index.php?rest_route=\/wp\/v2\/pages"}],"about":[{"href":"https:\/\/fiskecup.com\/index.php?rest_route=\/wp\/v2\/types\/page"}],"author":[{"embeddable":true,"href":"https:\/\/fiskecup.com\/index.php?rest_route=\/wp\/v2\/users\/2"}],"replies":[{"embeddable":true,"href":"https:\/\/fiskecup.com\/index.php?rest_route=%2Fwp%2Fv2%2Fcomments&post=368"}],"version-history":[{"count":0,"href":"https:\/\/fiskecup.com\/index.php?rest_route=\/wp\/v2\/pages\/368\/revisions"}],"wp:attachment":[{"href":"https:\/\/fiskecup.com\/index.php?rest_route=%2Fwp%2Fv2%2Fmedia&parent=368"}],"curies":[{"name":"wp","href":"https:\/\/api.w.org\/{rel}","templated":true}]}}